 - 98. What is the remainder when j is divided by 11?
9
Let n(m) = 6*m + 2. What is the remainder when n(1) is divided by 2?
0
Let w(f) = -9 + 4*f + 9*f + f**3 + 5*f**2 - 21*f. Suppose -4*m = 8 + 16. What is the remainder when w(m) is divided by 1?
0
Let s(n) = 4*n**2 - 6*n + 7. What is the remainder when 50 is divided by s(2)?
6
Suppose 0 = 44*z - 42*z - 236. Calculate the remainder when z is divided by 20.
18
Suppose -2*u + 45 + 15 = 0. Calculate the remainder when 117 is divided by u.
27
Let p(z) = -z**3 + 5*z**2 + 2*z - 6. Let y be p(5). Calculate the remainder when 23 is divided by 7*1 + y/4.
7
Let v be 11/3 + 2/(-3). Suppose 2*f - 9 = -v*f + r, -10 = -3*f - 4*r. Calculate the remainder when f is divided by 2.
0
Suppose 31 = 9*f - 5. Calculate the remainder when 20 is divided by f.
0
Let d = -4 - -2. Let x be d/((-6)/21) + -2. Suppose -3*q + x*q - 46 = 0. Calculate the remainder when q is divided by 8.
7
Let c(s) = -s**3 + 11*s**2 + 13*s - 6. Suppose -i + 2*i - 4 = -3*n, -2*i + 22 = -n. What is the remainder when i is divided by c(12)?
4
Let v be -2 + 0 + 2 + 8. Suppose -5*d + 5 = 0, -2*w = -w + 4*d - v. What is the remainder when 5 is divided by w?
1
Let g(b) = 3 - 4*b + 13*b**2 + 0*b - 2*b**2. Calculate the remainder when g(2) is divided by 10.
9
Let n(y) = 40*y**2 - y - 2. What is the remainder when 272 is divided by n(-1)?
38
Suppose -480 = -r - 14*r. Calculate the remainder when r is divided by 9.
5
Suppose -3*r + 17 = -19. Let b(i) = 2*i**2 - 2*i + 5. What is the remainder when b(5) is divided by r?
9
Suppose 5*u = -0*m + 4*m + 44, -u + 5*m - 8 = 0. Let h be ((-1)/(1/(-4)))/2. Calculate the remainder when u is divided by h/8 + 81/12.
5
Suppose -48 = -5*j + 17. Suppose v - j + 10 = 0. Calculate the remainder when 5 is divided by v.
2
Suppose -27 = -4*j + 17. Suppose 16 = 3*v - 2*p - j, -3*v + 15 = 2*p. Suppose -2*y + v*y - 100 = 0. Calculate the remainder when y is divided by 7.
6
Let y = 0 - 16. Let n = y - -33. Calculate the remainder when n is divided by 5.
2
Let y = 58 + -11. What is the remainder when y is divided by 12?
11
Let p(t) = t**3 - 5*t**2 - t + 5. Let g be p(5). Calculate the remainder when (g - -2)*2 + 2 is divided by 3.
0
Suppose 5*d = 27 + 23. Let g(k) = -k**2 + 9*k + 12. Let c be g(10). Calculate the remainder when 170/6 - c/6 is divided by d.
8
Suppose -3*p + 132 = 2*y, -2*p + 5*y + 54 = -15. Calculate the remainder when p is divided by 11.
9
Let g = -16 - -20. Let j be (-2)/3*(-87)/2. Suppose g*a - 31 = j. Calculate the remainder when 43 is divided by a.
13
Suppose -121 = -16*g + 359. Calculate the remainder when 88 is divided by g.
28
Let w(h) = h + 4. Let b = -11 + 7. Let f be w(b). Suppose 0 = 3*g - f*g - 18. What is the remainder when 16 is divided by g?
4
Let g(w) = -3*w**3 - 4*w**3 + 2*w + 6*w**3 - 1. Let p be g(-3). Let q = p + -6. Calculate the remainder when 26 is divided by q.
12
Suppose -3*f + 8*f = 10. Suppose v - 31 = -2*p, 2*v - 2*p + p = 67. Suppose -5*y + 2*y = f*d - v, y = -d + 14. What is the remainder when 35 is divided by d?
8
Let z(w) = -w**3 + 6*w**2 - 4*w + 1. Calculate the remainder when 23 is divided by z(5).
5
Let d(x) = x**3 - 14*x**2 - 10*x + 14. What is the remainder when d(15) is divided by 23?
20
Suppose y - 18 = 2. What is the remainder when 59 is divided by y?
19
Let k(t) = -t - 6. Let p be k(-6). Suppose p*g = 5*g + 5*i - 50, 5*i - 20 = g. What is the remainder when 9 is divided by g?
4
Suppose 4*h - 67 = 4*c + 49, -5*h + 154 = 4*c. Let y = -4 - -49. Let m = y - h. What is the remainder when 44 is divided by m?
14
Let o = 6 + 2. Calculate the remainder when 13 is divided by o.
5
Let m(g) = -g**2 - 6*g + 8. Let t be m(-6). Let z be 4*1*8/t. Suppose -105 = d - z*d. Calculate the remainder when d is divided by 12.
11
Suppose 0*m - 2 = m. What is the remainder when 1125/39 + m/(-13) is divided by 8?
5
Suppose 5 = 15*z - 14*z. Suppose 4*n - 10 = 3*n. Let o = -1 + n. Calculate the remainder when o is divided by z.
4
Let g(m) be the first derivative of m**4/4 - m**2/2 + 9*m + 3. What is the remainder when 17 is divided by g(0)?
8
Suppose 0 = 2*k - k - 12. Suppose 0 = 2*q - 4*q. Suppose -3*u - 2*o + 22 + 9 = q, 0 = -5*u - 2*o + 45. What is the remainder when k is divided by u?
5
Let r = 14 + -20. Let g = -3 - r. Suppose 5*l = 3*v + 96, -g*v + 20 = 4*l - 46. What is the remainder when l is divided by 5?
3
Let b(t) = 4*t - 8. What is the remainder when 47 is divided by b(6)?
15
Suppose 2*q = 5*q + 3*h, 0 = -q + 3*h + 12. Calculate the remainder when 36 is divided by q.
0
Suppose -2*v + 5*l = -96 - 15, 3*l = -2*v + 71. Suppose -z - 5 = -v. What is the remainder when z is divided by 13?
12
Let s(x) = x**2 - 9*x + 3. Let d(w) = -w - 1. Calculate the remainder when d(-6) is divided by s(9).
2
Suppose 5*q - 5*r - 90 = 0, 2*q - 87 = -2*q - r. What is the remainder when 103 is divided by q?
19
Let w(l) be the second derivative of l**5/20 + 5*l**4/12 + l**3/3 + 3*l**2/2 + 2*l. Calculate the remainder when 32 is divided by w(-2).
10
Let k(y) = -y**2 + 21*y - 40. What is the remainder when 118 is divided by k(16)?
38
Let p be 1/(-6) - (-508)/24. Suppose -w - 2*w + p = 0. Calculate the remainder when 26 is divided by w.
5
Let g = 2 + 2. Let x be -4*(-2)/4 - -15. Let u = -2 + x. What is the remainder when u is divided by g?
3
Suppose 3*s + 5*r = 83, -4*s + r = -55 - 25. Let v(f) = f**3 - 3*f**2 - 5*f - 5. What is the remainder when v(5) is divided by (-2)/(-14) - (-228)/s?
9
Let u(m) = -m**2 - 18*m - 18. Calculate the remainder when 55 is divided by u(-16).
13
Suppose 5*x + 48 = -4*n + 390, 0 = -3*x + 6. Calculate the remainder when n is divided by 22.
17
Let b(x) = 9*x. What is the remainder when b(2) is divided by (1 - -1 - 0) + 8?
8
Suppose -2*n + 83 = -q, 95 = 5*n - 3*n + 3*q. Let b = -69 + n. Let a = -13 - b. Calculate the remainder when 38 is divided by a.
12
Let s = 299 - 277. Suppose 4*i - 30 = -10. Let q(k) = 3*k - 7. What is the remainder when s is divided by q(i)?
6
Let v(h) = -h + 4. Let c be v(-3). Let b = 3 + c. What is the remainder when 28 is divided by b?
8
Let k = 23 - 20. What is the remainder when 5 is divided by k?
2
Suppose 0 = 2*b - 11 + 35. What is the remainder when 11 is divided by (1 + -4)/(9/b)?
3
Let i = 35 + -24. Let r = -453 - -817. Calculate the remainder when (-6)/(-9) - r/(-12) is divided by i.
9
Let k = 58 - 32. Suppose -5*t + 45 - 6 = -4*f, -4*f - 74 = 2*t. Let w = k + f. What is the remainder when 18 is divided by w?
8
Suppose -5*j = -h - 3 + 5, 4*j = -4*h + 8. Suppose -3*s + 105 = -j*s. Suppose n - 6*n = -s. Calculate the remainder when 18 is divided by n.
4
Let i(d) = d + 7. Let k(c) = -c**2 + 16*c + 19. What is the remainder when i(-5) is divided by k(17)?
0
Let i(r) = r**3 - 4*r**2 + 2*r - 3. What is the remainder when (9*5)/3 + -3 is divided by i(4)?
2
Let f(y) = -4 + 10*y - 7*y + 1. Suppose -4*r - 4*j = -32, -5*r = -5*j - 16 + 6. What is the remainder when f(r) is divided by 7?
5
Let d(v) = 4*v**2 - 3*v**2 + v**2 - 2*v. Calculate the remainder when 45 is divided by d(3).
9
Suppose 2*r = -4*r + 240. Let m = -89 - -59. Let i = m - -44. Calculate the remainder when r is divided by i.
12
Let z(j) = -j**3 + 7*j**2 + 2. Let b be z(7). Suppose b*m + 62 = 4*i, -8 = -0*i - i - m. Let v = -3 + 8. Calculate the remainder when i is divided by v.
3
Let c = -4 - -9. Suppose 0 = -d - c*y + 29, 4*d + y - 26 = -y. Suppose -n - 10 = 5*l, 5*l - 2*l = d*n - 29. Calculate the remainder when n is divided by 2.
1
Suppose -l - 2*d = -34, -3*d = -0*l + 2*l - 72. Let z = 7 + -4. Suppose -2*q + 42 = -8*p + z*p, -5*p = 20. What is the remainder when l is divided by q?
9
Let y = 103 - 71. Calculate the remainder when 95 is divided by y.
31
Let q be (-2)/2 - -1*41. Suppose q = -d + 5*d. Let x(r) = r + 20. What is the remainder when x(8) is divided by d?
8
Suppose 6*l - 60 = 30. Calculate the remainder when 26 is divided by l.
11
Let t(u) = -u + 75. Let k = -3 - -3. What is the remainder when t(k) is divided by 19?
18
Suppose -2*s = -s - 6. Suppose 11*k - 50 = s*k. Let l(z) = -z**2 + 7*z. What is the remainder when k is divided by l(6)?
4
Suppose 4*d - 26 = -62. Let o = 17 + d. Let h = 50 - 21. Calculate the remainder when h is divided by o.
5
Let i = 358 + -299. Suppose 0 = 4*z + 28 